
What is the greatest common factor of 555 and 15?
15
Calculate the greatest common divisor of 425 and 25.
25
Calculate the greatest common factor of 6817 and 34.
17
What is the greatest common divisor of 279 and 6417?
279
What is the highest common factor of 2752 and 1548?
172
What is the greatest common factor of 4544 and 32?
32
Calculate the highest common divisor of 176 and 112.
16
What is the greatest common divisor of 180 and 1215?
45
What is the greatest common factor of 113 and 10848?
113
What is the greatest common factor of 108 and 1269?
27
What is the greatest common divisor of 46 and 41906?
46
What is the greatest common divisor of 35 and 4235?
35
Calculate the highest common divisor of 875 and 469.
7
Calculate the greatest common divisor of 92 and 138.
46
Calculate the greatest common factor of 3075 and 75.
75
Calculate the highest common factor of 40 and 1580.
20
What is the highest common divisor of 44 and 319?
11
Calculate the greatest common divisor of 1837 and 8851.
167
What is the greatest common factor of 942 and 6?
6
What is the highest common factor of 124 and 7037?
31
What is the highest common divisor of 10 and 65?
5
Calculate the highest common divisor of 12 and 2316.
12
Calculate the highest common divisor of 44 and 187.
11
Calculate the greatest common divisor of 35011 and 157.
157
Calculate the greatest common divisor of 935 and 495.
55
What is the greatest common divisor of 364 and 91?
91
Calculate the greatest common divisor of 2292 and 12.
12
Calculate the highest common factor of 672 and 63.
21
What is the greatest common divisor of 10 and 4430?
10
Calculate the highest common divisor of 3668 and 28.
28
Calculate the highest common factor of 50429 and 239.
239
Calculate the highest common divisor of 125 and 150.
25
What is the highest common factor of 20 and 590?
10
Calculate the highest common divisor of 210 and 560.
70
Calculate the highest common divisor of 306 and 414.
18
Calculate the greatest common divisor of 198 and 18.
18
Calculate the greatest common divisor of 36 and 738.
18
What is the greatest common divisor of 93 and 744?
93
Calculate the greatest common factor of 14856 and 24.
24
Calculate the highest common divisor of 8758 and 58.
58
Calculate the highest common divisor of 132 and 1056.
132
What is the highest common divisor of 6347 and 11?
11
What is the highest common divisor of 16 and 472?
8
What is the highest common divisor of 3485 and 25?
5
What is the greatest common divisor of 90 and 7416?
18
Calculate the highest common factor of 112 and 154.
14
What is the greatest common divisor of 6254 and 1484?
106
What is the greatest common factor of 135 and 621?
27
What is the greatest common factor of 19 and 15751?
19
Calculate the highest common factor of 76 and 95.
19
Calculate the greatest common factor of 46485 and 45.
45
Calculate the greatest common divisor of 3294 and 108.
54
What is the highest common divisor of 403 and 13?
13
Calculate the greatest common factor of 1312 and 41.
41
What is the highest common divisor of 24 and 232?
8
Calculate the highest common factor of 2730 and 189.
21
What is the greatest common factor of 30774 and 69?
69
Calculate the greatest common factor of 87 and 44544.
87
What is the highest common factor of 95 and 5?
5
What is the greatest common factor of 4475 and 537?
179
Calculate the greatest common factor of 7808 and 122.
122
What is the greatest common factor of 57 and 1539?
57
Calculate the greatest common divisor of 39 and 611.
13
Calculate the highest common divisor of 525 and 189.
21
What is the greatest common factor of 3045 and 1740?
435
What is the greatest common factor of 11270 and 49?
49
What is the highest common factor of 84 and 966?
42
What is the greatest common factor of 66 and 7887?
33
Calculate the highest common factor of 116 and 87.
29
Calculate the greatest common divisor of 497 and 70.
7
Calculate the greatest common divisor of 38 and 22249.
19
Calculate the highest common divisor of 400 and 350.
50
What is the highest common divisor of 750 and 100?
50
Calculate the highest common factor of 21 and 3.
3
Calculate the highest common divisor of 2926 and 76.
38
What is the highest common factor of 1380 and 120?
60
Calculate the highest common factor of 36 and 54.
18
Calculate the highest common factor of 36 and 828.
36
Calculate the greatest common factor of 3042 and 18.
18
What is the greatest common factor of 1032 and 48?
24
What is the highest common divisor of 658 and 2068?
94
What is the highest common factor of 10 and 2345?
5
Calculate the greatest common factor of 122080 and 14.
14
What is the greatest common factor of 135 and 153?
9
Calculate the greatest common factor of 180 and 300.
60
What is the greatest common factor of 78 and 9?
3
What is the highest common divisor of 2227 and 136?
17
What is the highest common divisor of 2318 and 38?
38
Calculate the highest common divisor of 80 and 112.
16
Calculate the highest common factor of 195 and 15.
15
What is the greatest common factor of 329 and 469?
7
What is the highest common factor of 319 and 121?
11
Calculate the greatest common factor of 15 and 155.
5
Calculate the greatest common factor of 60 and 15.
15
Calculate the greatest common factor of 168 and 72.
24
What is the greatest common divisor of 1412 and 12?
4
Calculate the greatest common factor of 162 and 1683.
9
What is the highest common factor of 406 and 126?
14
Calculate the highest common divisor of 155 and 210.
5
Calculate the highest common divisor of 824 and 24.
8
What is the greatest common divisor of 136 and 544?
136
Calculate the highest common factor of 6 and 942.
6
What is the greatest common factor of 31 and 1?
1
Calculate the greatest common factor of 120 and 390.
30
What is the highest common divisor of 666 and 518?
74
What is the greatest common factor of 1246 and 35?
7
Calculate the greatest common divisor of 11 and 11.
11
What is the greatest common factor of 37 and 42402?
37
What is the greatest common divisor of 549 and 189?
9
Calculate the greatest common divisor of 11 and 5.
1
What is the highest common divisor of 441 and 1701?
63
Calculate the greatest common divisor of 22 and 143.
11
What is the highest common factor of 5418 and 84?
42
Calculate the highest common factor of 34 and 493.
17
What is the greatest common divisor of 93 and 93?
93
What is the highest common divisor of 104 and 16?
8
Calculate the highest common divisor of 490 and 4165.
245
What is the greatest common divisor of 140 and 3500?
140
What is the highest common factor of 38 and 1?
1
Calculate the highest common factor of 36 and 12.
12
What is the highest common divisor of 18 and 507?
3
Calculate the greatest common divisor of 5 and 526.
1
Calculate the greatest common factor of 70 and 105.
35
Calculate the highest common divisor of 660 and 440.
220
Calculate the highest common factor of 6 and 542.
2
Calculate the greatest common divisor of 504 and 63.
63
Calculate the highest common factor of 4836 and 93.
93
Calculate the greatest common divisor of 125 and 175.
25
What is the greatest common factor of 208 and 137072?
208
What is the greatest common factor of 20 and 260?
20
What is the greatest common divisor of 8310 and 180?
30
Calculate the greatest common divisor of 70 and 350.
70
Calculate the greatest common factor of 81 and 16659.
27
What is the greatest common factor of 220 and 990?
110
Calculate the highest common factor of 5484 and 12.
12
What is the greatest common divisor of 84 and 46?
2
Calculate the greatest common factor of 3158 and 2.
2
What is the greatest common factor of 328 and 3239?
41
Calculate the highest common divisor of 3081 and 624.
39
Calculate the greatest common divisor of 116 and 1479.
29
What is the highest common factor of 154 and 161?
7
What is the greatest common factor of 240 and 560?
80
What is the greatest common factor of 116 and 29?
29
What is the highest common divisor of 21 and 13125?
21
What is the highest common divisor of 12 and 372?
12
Calculate the highest common factor of 72 and 684.
36
What is the highest common divisor of 33 and 66?
33
Calculate the highest common factor of 8 and 1352.
8
Calculate the highest common factor of 114 and 78.
6
What is the greatest common factor of